 f**4/4 - 4*f**3/3 - 3*f + 3. Let p be t(4). What is the units digit of 2 + -3*p/9?
3
Suppose 4*s - 19 = 185. What is the units digit of s?
1
Suppose 0 = 3*d + 45 - 117. What is the tens digit of d?
2
Let j(l) = -2*l + 0*l + 1 - l**2 + 0*l. Suppose -4 = 2*v - 0. What is the units digit of j(v)?
1
Suppose -2*w - 4*o - 16 = -6*w, 0 = -w + 3*o + 6. What is the units digit of w?
3
Let u(v) = -v**2 + 4*v + 7. Let i be ((-3)/1)/((-1)/2). Let l be u(i). Let o(g) = -2*g - 5. What is the units digit of o(l)?
5
Let w be 14/(-3)*(-7 + -2). What is the units digit of w - 0/(-5 + 2)?
2
Let w(l) = 4*l**3 + l**2 - 2*l. Let y be w(2). Suppose 28 = f + b - 0*b, f = -5*b + y. What is the units digit of f?
7
Suppose 4*k = 7 + 1. What is the units digit of k?
2
Let b be 2/2 - (0 + -5). Suppose -b*l + 180 = -2*l. What is the tens digit of (-2)/8 - l/(-4)?
1
Let s(a) = -a**3 - 8*a**2 + 10*a + 2. Let g be s(-9). Let h = 14 + g. What is the units digit of h?
7
Let v(z) = 2*z**2 - 6*z - 5. What is the units digit of v(5)?
5
Let u(h) = -h**3 + 2*h**2 + 3*h - 3. Let o be u(2). Suppose -o*j = -8*j + 190. What is the tens digit of j?
3
Let k be ((-3)/(-9))/((-1)/(-21)). Suppose -5*v + k = -3. What is the units digit of 2/(-3)*(-3)/v?
1
Let n(b) = b**3 - 4*b**2 - 9*b + 7. What is the units digit of n(6)?
5
Let t be 7/21 + 32/(-6). Let r(w) = -4*w + 4. What is the tens digit of r(t)?
2
Let h be 3*3/9*4. Suppose -4*o + 3*t = -8*o + 33, o = -h*t - 8. What is the units digit of o?
2
Suppose -2*l = -4*f, -18 = 4*l + l - f. Let d = 5 + l. What is the units digit of d?
1
Suppose -3 = 4*m + 5. Let n be (-1 - m/3)*3. What is the tens digit of (11 - -1) + n*2?
1
Let r = 74 - 129. Let k = -39 - r. What is the tens digit of k?
1
Let g = 111 + -57. What is the units digit of g?
4
Suppose 0 = 2*y + 6, 2*q + 2*y = 5*q - 15. What is the units digit of q?
3
Suppose 0 = -h - 3*x - 2*x + 191, x = -h + 175. What is the hundreds digit of h?
1
Let m be 1*(4 - (2 - -2)). Suppose 2*o + 138 = 4*x, -4*x + m*x + 153 = o. What is the tens digit of x?
3
Suppose 0 = 4*m - 12, -5*b = -5*m + 11 - 1. Let v = 1 + 3. Let j = v - b. What is the units digit of j?
3
Let j = -3 - -3. Let s = j + 2. What is the units digit of 2*((0 - 1) + s)?
2
Suppose 3*l = 8*l - 395. What is the tens digit of l?
7
Let x = -72 + 119. What is the tens digit of x?
4
Let k(d) = -d**3 + 12*d**2 + 10*d - 18. What is the hundreds digit of k(12)?
1
Let x = 34 - -10. What is the units digit of x?
4
Suppose 110 = -n + 33. What is the tens digit of 4*(n/4)/(-7)?
1
Suppose 3*t + 2*k = 7*k - 10, -5*t + 4*k = 8. Suppose t = -7*s + 2*s + 35. What is the units digit of s?
7
Let o(z) = -z**3 - 3*z**2 + 3*z - 1. Let p be o(-4). Suppose -v + 4*x + 10 = 0, 4*v + 2*x - 19 = -p*x. What is the units digit of v?
6
Suppose -289 = -8*h - 1. What is the tens digit of h?
3
Let i = 18 - -4. What is the units digit of i?
2
Suppose 0 = 3*w - 5*q - 0*q - 32, 24 = 4*w - 2*q. Suppose w*p - 5*g - 149 = 0, -3*p + 0*g - 3*g + 78 = 0. What is the tens digit of p?
3
Suppose -3*n + 26 = 5*v, -16 = -5*v + 4. Let m = -60 - -150. What is the tens digit of (n/(-5))/((-3)/m)?
1
Let w = 35 + 96. What is the units digit of w?
1
Let q = 331 + -125. What is the tens digit of q?
0
Let a = -3 - -3. Suppose a*h + 20 = 4*h. Let x = h - -1. What is the units digit of x?
6
Let r(i) = -17*i - 13. What is the tens digit of r(-4)?
5
Let v = 24 + -19. What is the units digit of v?
5
Let w(g) = g**3 + 11*g**2 + 5*g - 21. What is the tens digit of w(-10)?
2
Let t be 4/(-8)*(0 + 0). Let n(x) = -x**2 - x - 30. Let f be n(t). Let z = f - -44. What is the units digit of z?
4
Let l(k) = -10*k - 1. What is the units digit of l(-4)?
9
Let t = 92 - -20. What is the units digit of (3/(-2))/((-21)/t)?
8
Let r be 6/(-15) + (-16)/10. What is the units digit of (-1 - -7)/(r/(-6))?
8
Let f(d) = d**3 + 8*d**2 + d - 6. Let c be f(-5). Let u = c + -38. What is the units digit of u?
6
Let n(c) = 2*c**2 + 4*c - 3. What is the units digit of n(3)?
7
Let z(q) = 3*q**2 + 27*q + 14. Let h(v) = v**2 + 13*v + 7. Let y(j) = 5*h(j) - 2*z(j). What is the tens digit of y(9)?
2
Let k be ((-6)/(-30))/((-2)/(-10)). Let m = k - -4. Suppose 2*q + 3*c + 0 - 27 = 0, 0 = -3*q + m*c + 31. What is the units digit of q?
2
What is the units digit of 2/10 + (-238)/(-10)?
4
Let d(a) = 2*a**2 + a - 1. Let f(k) = -k**2 + 7*k + 3. Let o be f(7). Suppose -o*w - 4*i = -7*w, 4*w - 14 = -3*i. What is the units digit of d(w)?
9
Let u = -5 + 3. Let z be 15*(u - 14/(-6)). Suppose 0 = -5*l - z*m + 35, -3*l - 2*m + 21 = -4*m. What is the units digit of l?
7
Suppose 8 = -4*l, s + 3*l - 5 = 10. What is the tens digit of s?
2
Suppose 0*y - 5*y + 4*l + 9 = 0, -4*y + 2*l = -12. Suppose -y*g + g = 3*z - 57, 0 = -4*g - 2*z + 62. What is the tens digit of g?
1
Let k(n) = n**2 + n - 34. What is the tens digit of k(-14)?
4
Let o = 6 + -6. What is the units digit of (-7 - -7) + (o - -1)?
1
Let s = -4 + 12. Let c = s - 6. What is the units digit of c?
2
Let q = 2 - 2. Suppose q*a = 3*a - 15. Suppose 2*g + 36 = 4*r, 2*r - 4*r = a*g + 6. What is the units digit of r?
7
Let q = -21 - -64. What is the tens digit of q?
4
Suppose 0*s - 3 = -s. What is the units digit of s*1 + -4 + 5?
4
Suppose -3*c = 3*j - 18, 5*c - 20 = 2*c - 4*j. Suppose -c*o + 114 + 14 = 0. What is the tens digit of o?
3
Let s = 0 - -29. What is the tens digit of s?
2
Let i be 4 + -2 + -2 + 0. Suppose 0 = -4*u - 16, 3*d = -i*u + 4*u + 25. What is the units digit of d?
3
What is the hundreds digit of (-1)/4 + 1 - (-8925)/84?
1
Let k = 6 + -2. Suppose 56 = k*j + 5*x, x = -0 + 4. What is the units digit of j?
9
What is the units digit of 266/5 + (-12)/60?
3
Suppose -4*g + 2 = -6. Suppose g*i - 18 = -0*i. What is the units digit of i?
9
Let t = -2 + 7. Suppose -t*f - 11 = -71. Suppose -2*a + 5*z = 1, -f = -5*a + z - 3. What is the units digit of a?
2
Let c(j) = -j**3 - 4*j**2 - 3*j + 5. Let m be c(-4). Let r = m + -8. What is the units digit of r?
9
Suppose 8 = -g + 2. What is the units digit of ((g - 1) + 3)/(-2)?
2
What is the tens digit of (6/8)/((-59)/60 + 1)?
4
Suppose 3*k + 3*v = 6, k - 2*v = -v - 4. Let p be 2 - (-2 + 2 + k). Suppose 0 = 3*o - 24 + p. What is the units digit of o?
7
Let x be (-1)/(1/(-2)) + 17. Suppose 2*i - 13 - x = 0. What is the units digit of i?
6
Let r(w) = -2*w**2 - 13*w - 12. Let s be r(-8). Let y = -26 - s. What is the tens digit of y?
1
Let d(l) = 4*l**2 - 8*l - 18. What is the tens digit of d(-7)?
3
Let v(g) = -g**3 + 7*g**2 - g + 5. Let j be v(7). What is the tens digit of (2 - 3 - j)*35?
3
Let a(b) = -b**3 + 2*b**2. Let c be a(1). Let v = c + -3. What is the units digit of v/(-3)*30/2?
0
Suppose 27 = 2*x - 21. What is the tens digit of x?
2
Suppose 5*f = 3*d + 20, 4*d + 3 = -5*f + 23. Suppose 0 = -f*x + 8*x. Suppose -3*n = -x*n - 15. What is the units digit of n?
5
Suppose 4*g + 4*p - 88 = 0, 2 + 108 = 5*g - p. Let v = -76 + 87. Let d = g - v. What is the units digit of d?
1
Let l = 9 + -7. Suppose 8 = -0*w + l*w. Let a(o) = 2*o**2 - 4*o + 1. What is the tens digit of a(w)?
1
Suppose -2*b + 1 = 5. Let s be b/(-1 - 1) + 16. Let o = -8 + s. What is the units digit of o?
9
Let c(r) = r**2 - r + 764. Let m be c(0). Let v be (-1)/(-3) + m/12. What is the units digit of ((-6)/4)/((-12)/v)?
8
Suppose d + 172 = 2*d. What is the hundreds digit of d?
1
Let j(n) = -2*n**2 - 56*n + 35. What is the units digit of j(-24)?
7
What is the tens digit of 2*(-6 + (-1555)/(-10))?
9
Let j be 1 + 1 + -4 + 1. Let i(u) = -19*u**3 + 2*u + 1. What is the tens digit of i(j)?
1
Suppose -5*j - 5*u = -15, -3*j - 4*u + 6 = -j. Suppose -j*t + 5 = 4*o, 0*o - t = -3*o + 20. What is the units digit of o?
5
What is the units digit of 4*((-3)/(-1))/3?
4
What is the tens digit of -2*(-5)/((-10)/(-28))?
2
Suppose 0 = 5*y - 5, -2*f + 10 = f + 4*y. Suppose 10 = f*k, -50 + 17 = -w - 3*k. What is the tens digit of w?
1
Let c(i) = -i**3 + 7*i**2 - 6*i + 2. Let d be c(5). Suppose 5*l + 2 = d. What is the units digit of l?
4
Let h = -1 - -1. What is the units digit of (h - 1)/(1/(-2))?
2
Suppose 0 = 4*y + 9 + 27. Let r(b) = -4*b - 7. What is the tens digit of r(y)?
2
Let b = 27 + 232. What is the units digit of b?
9
Suppose 65 = 3*s - 19. What is the tens digit of s?
2
Let x(g) = 42*g**2 - 3*g + 8.